{"id":27,"date":"2019-02-19T08:46:13","date_gmt":"2019-02-19T08:46:13","guid":{"rendered":"http:\/\/www.kzrc.cz\/?page_id=27"},"modified":"2020-06-06T11:55:55","modified_gmt":"2020-06-06T11:55:55","slug":"objednavka","status":"publish","type":"page","link":"http:\/\/www.kzrc.cz\/index.php\/objednavka\/","title":{"rendered":"Objedn\u00e1vka"},"content":{"rendered":"\n<p class=\"has-text-align-center\"> <div class=\"wpforms-container wpforms-container-full\" id=\"wpforms-147\"><form id=\"wpforms-form-147\" class=\"wpforms-validate wpforms-form\" data-formid=\"147\" method=\"post\" enctype=\"multipart\/form-data\" action=\"\/index.php\/wp-json\/wp\/v2\/pages\/27\" data-token=\"93142d6128ad674f29c6e27106efb756\"><noscript class=\"wpforms-error-noscript\">Chcete-li vyplnit tento formul\u00e1\u0159, pros\u00edm povolte v prohl\u00ed\u017ee\u010di JavaScript.<\/noscript><div class=\"wpforms-field-container\"><div id=\"wpforms-147-field_0-container\" class=\"wpforms-field wpforms-field-name\" data-field-id=\"0\"><label class=\"wpforms-field-label\" for=\"wpforms-147-field_0\">Jm\u00e9no <span class=\"wpforms-required-label\">*<\/span><\/label><input type=\"text\" id=\"wpforms-147-field_0\" class=\"wpforms-field-medium wpforms-field-required\" name=\"wpforms[fields][0]\" required><\/div><div id=\"wpforms-147-field_5-container\" class=\"wpforms-field wpforms-field-name\" data-field-id=\"5\"><label class=\"wpforms-field-label\" for=\"wpforms-147-field_5\">P\u0159\u00edjmen\u00ed <span class=\"wpforms-required-label\">*<\/span><\/label><input type=\"text\" id=\"wpforms-147-field_5\" class=\"wpforms-field-medium wpforms-field-required\" name=\"wpforms[fields][5]\" required><\/div><div id=\"wpforms-147-field_7-container\" class=\"wpforms-field wpforms-field-text\" data-field-id=\"7\"><label class=\"wpforms-field-label\" for=\"wpforms-147-field_7\">Adresa <span class=\"wpforms-required-label\">*<\/span><\/label><input type=\"text\" id=\"wpforms-147-field_7\" class=\"wpforms-field-medium wpforms-field-required\" name=\"wpforms[fields][7]\" required><\/div><div id=\"wpforms-147-field_1-container\" class=\"wpforms-field wpforms-field-email\" data-field-id=\"1\"><label class=\"wpforms-field-label\" for=\"wpforms-147-field_1\">Email <span class=\"wpforms-required-label\">*<\/span><\/label><input type=\"email\" id=\"wpforms-147-field_1\" class=\"wpforms-field-small wpforms-field-required\" name=\"wpforms[fields][1]\" required><\/div><div id=\"wpforms-147-field_8-container\" class=\"wpforms-field wpforms-field-text\" data-field-id=\"8\"><label class=\"wpforms-field-label\" for=\"wpforms-147-field_8\">Telefon <span class=\"wpforms-required-label\">*<\/span><\/label><input type=\"text\" id=\"wpforms-147-field_8\" class=\"wpforms-field-small wpforms-field-required wpforms-masked-input\" data-inputmask-mask=\"+420 999 999 999\" data-rule-empty-blanks=\"1\" name=\"wpforms[fields][8]\" required><\/div><div id=\"wpforms-147-field_2-container\" class=\"wpforms-field wpforms-field-select wpforms-field-select-style-classic\" data-field-id=\"2\"><label class=\"wpforms-field-label\" for=\"wpforms-147-field_2\">Objedn\u00e1van\u00e1 varianta <span class=\"wpforms-required-label\">*<\/span><\/label><select id=\"wpforms-147-field_2\" class=\"wpforms-field-small wpforms-field-required\" name=\"wpforms[fields][2]\" required=\"required\"><option value=\"Celodenn\u00ed - mu\u017e\" >Celodenn\u00ed - mu\u017e<\/option><option value=\"Celodenn\u00ed - \u017eena\" >Celodenn\u00ed - \u017eena<\/option><option value=\"Individu\u00e1l\" >Individu\u00e1l<\/option><option value=\"Hlavn\u00ed chody\" >Hlavn\u00ed chody<\/option><option value=\"Catering\" >Catering<\/option><\/select><div class=\"wpforms-field-description\">Zde zvolte variantu krabi\u010dek, p\u0159\u00edpadn\u011b Catering a p\u0159\u00edpadn\u00e9 detaily a specifick\u00e9 po\u017eadavky uve\u010fte pros\u00edm do pozn\u00e1mky k objedn\u00e1vce<\/div><\/div><div id=\"wpforms-147-field_10-container\" class=\"wpforms-field wpforms-field-select wpforms-field-select-style-classic\" data-field-id=\"10\"><label class=\"wpforms-field-label\" for=\"wpforms-147-field_10\">Zp\u016fsob platby <span class=\"wpforms-required-label\">*<\/span><\/label><select id=\"wpforms-147-field_10\" class=\"wpforms-field-medium wpforms-field-required\" name=\"wpforms[fields][10]\" required=\"required\"><option value=\"Hotov\u011b\" >Hotov\u011b<\/option><option value=\"P\u0159evodem\" >P\u0159evodem<\/option><option value=\"Voucher\" >Voucher<\/option><\/select><\/div><div id=\"wpforms-147-field_11-container\" class=\"wpforms-field wpforms-field-text\" data-field-id=\"11\"><label class=\"wpforms-field-label\" for=\"wpforms-147-field_11\">Objedn\u00e1v\u00e1m od: <span class=\"wpforms-required-label\">*<\/span><\/label><input type=\"text\" id=\"wpforms-147-field_11\" class=\"wpforms-field-medium wpforms-field-required\" name=\"wpforms[fields][11]\" required><div class=\"wpforms-field-description\">Zadejte datum ve form\u00e1tu dd.mm.rrrr<\/div><\/div><div id=\"wpforms-147-field_6-container\" class=\"wpforms-field wpforms-field-text\" data-field-id=\"6\"><label class=\"wpforms-field-label\" for=\"wpforms-147-field_6\">Pozn\u00e1mka<\/label><input type=\"text\" id=\"wpforms-147-field_6\" class=\"wpforms-field-medium\" name=\"wpforms[fields][6]\" ><\/div><div id=\"wpforms-147-field_9-container\" class=\"wpforms-field wpforms-field-checkbox\" data-field-id=\"9\"><label class=\"wpforms-field-label\" for=\"wpforms-147-field_9\">Souhlas s poskytnut\u00edm osobn\u00edch \u00fadaj\u016f pro \u00fa\u010dely vytvo\u0159en\u00ed objedn\u00e1vky <span class=\"wpforms-required-label\">*<\/span><\/label><ul id=\"wpforms-147-field_9\" class=\"wpforms-field-required\"><li class=\"choice-1 depth-1\"><input type=\"checkbox\" id=\"wpforms-147-field_9_1\" name=\"wpforms[fields][9][]\" value=\"Souhlas\u00edm\" required ><label class=\"wpforms-field-label-inline\" for=\"wpforms-147-field_9_1\">Souhlas\u00edm<\/label><\/li><\/ul><\/div><\/div><div class=\"wpforms-field wpforms-field-hp\"><label for=\"wpforms-147-field-hp\" class=\"wpforms-field-label\">Website<\/label><input type=\"text\" name=\"wpforms[hp]\" id=\"wpforms-147-field-hp\" class=\"wpforms-field-medium\"><\/div><div class=\"wpforms-submit-container\"><input type=\"hidden\" name=\"wpforms[id]\" value=\"147\"><input type=\"hidden\" name=\"wpforms[author]\" value=\"1\"><button type=\"submit\" name=\"wpforms[submit]\" id=\"wpforms-submit-147\" class=\"wpforms-submit wpf-center\" data-alt-text=\"Odes\u00edl\u00e1m...\" data-submit-text=\"Odeslat\" aria-live=\"assertive\" value=\"wpforms-submit\">Odeslat<\/button><\/div><\/form><\/div>  <!-- .wpforms-container --> <\/p>\n\n\n\n<p><\/p>\n","protected":false},"excerpt":{"rendered":"","protected":false},"author":1,"featured_media":0,"parent":0,"menu_order":0,"comment_status":"closed","ping_status":"closed","template":"templates\/page-boxed.php","meta":{"footnotes":""},"class_list":["post-27","page","type-page","status-publish","hentry"],"_links":{"self":[{"href":"http:\/\/www.kzrc.cz\/index.php\/wp-json\/wp\/v2\/pages\/27","targetHints":{"allow":["GET"]}}],"collection":[{"href":"http:\/\/www.kzrc.cz\/index.php\/wp-json\/wp\/v2\/pages"}],"about":[{"href":"http:\/\/www.kzrc.cz\/index.php\/wp-json\/wp\/v2\/types\/page"}],"author":[{"embeddable":true,"href":"http:\/\/www.kzrc.cz\/index.php\/wp-json\/wp\/v2\/users\/1"}],"replies":[{"embeddable":true,"href":"http:\/\/www.kzrc.cz\/index.php\/wp-json\/wp\/v2\/comments?post=27"}],"version-history":[{"count":5,"href":"http:\/\/www.kzrc.cz\/index.php\/wp-json\/wp\/v2\/pages\/27\/revisions"}],"predecessor-version":[{"id":192,"href":"http:\/\/www.kzrc.cz\/index.php\/wp-json\/wp\/v2\/pages\/27\/revisions\/192"}],"wp:attachment":[{"href":"http:\/\/www.kzrc.cz\/index.php\/wp-json\/wp\/v2\/media?parent=27"}],"curies":[{"name":"wp","href":"https:\/\/api.w.org\/{rel}","templated":true}]}}